-3 - -10?
6
Calculate -10 + 7 + 2 - -1.
0
(-1 - (4 - 1)) + (2 - 0)
-2
What is 2 - 4 - (42 + -41)?
-3
Calculate (1 - (5 - 5)) + -6 + 2.
-3
What is -2 + (-4 - -12 - 4)?
2
What is the value of -2 + -3 + -14 + 9 + 9?
-1
2 + -3 - -4 - 10
-7
What is 9 + -4 + 3 + (-7 - 5)?
-4
Evaluate (-4 - 1) + 6 + (-7 - -1).
-5
(-8 - (-4 - -5)) + 4
-5
What is the value of -3 + 0 + 20 + -11?
6
0 - (6 - (13 - 7))
0
What is -9 - (-5 - 9) - (0 - -2)?
3
Calculate -6 + -7 + (8 - 5) + 7.
-3
What is the value of 5 + (1 - 6) + 3?
3
Calculate 2 - (0 + 6) - (33 + -28).
-9
What is the value of 2 + 3 - 5 - 1?
-1
Evaluate -6 + (-5 - -9) + (4 - 1).
1
What is the value of 7 + (-9 - -6 - (0 + 1))?
3
What is the value of 6 + -6 + 16 + -8?
8
What is 7 - (10 + -4 + -6)?
7
What is the value of 3 - 9 - (-8 - 3)?
5
What is -5 + (3 - (-3 - 0))?
1
Calculate 10 + (-23 - -6) - (3 - 3).
-7
What is 2 + 1 + 1 - 5?
-1
Calculate -8 + -14 - -7 - -11.
-4
What is the value of 2 + -4 + -4 + 10 + -4?
0
What is the value of -1 + -3 - (-5 + -3 + 7)?
-3
0 - -6 - (-52 - -55)
3
What is 1 + (-12 + 5 - -8) + -1?
1
-10 + (17 - 11 - 3)
-7
What is 0 + (1 + -2 - 1) - 0?
-2
Evaluate -2 + -2 + 7 - (31 - 29).
1
What is 0 - 1 - (62 + -56)?
-7
What is 2 - (3 + (-1 - -2 - -2))?
-4
Evaluate 5 + (12 + -11 - (-1 - -5)).
2
Evaluate 1 + 0 + (-2 - 0 - 2).
-3
(2 + 5 - 1) + -8
-2
(1 - 4) + (-2 - -1)
-4
1 - -8 - 0 - (2 + 1)
6
What is -6 + 3 + 0 - (12 - 11)?
-4
What is the value of 2 - (-3 + -2 + 8)?
-1
What is the value of 0 + (-3 - 9) - (-9 + 3)?
-6
What is the value of (-1 - (-1 + (-6 - -4))) + -4?
-2
Calculate (-4 - 5) + 1 + 9.
1
What is the value of 10 + -4 + -10 + 9?
5
Calculate (2 - 3) + 2 - 2.
-1
Calculate -2 + (10 + -3 - 1) - 2.
2
1 + 0 + -7 + 8 + -4
-2
What is 1 - 3 - (0 - 2)?
0
What is the value of (-22 - (-22 + 13)) + 4?
-9
What is the value of (17 - (4 - (-2 - -3))) + -6?
8
7 + -4 + -3 + -4 + -5
-9
What is (-4 - -4) + -4 - 0?
-4
Evaluate 1 + 2 + -6 - 2 - -1.
-4
Evaluate 11 - ((4 - (-2 - 1)) + -2).
6
4 + -10 + 1 + 2 - -2
-1
What is the value of 9 + 5 + (7 - 6 - 7)?
8
What is 3 - (3 - (4 - 3))?
1
What is the value of -3 + (-4 - -2) + (9 - 1)?
3
Calculate 9 - (-2 + (9 - 1)).
3
(-3 - -1) + 5 - 3
0
What is the value of -1 + -4 + (20 - 16)?
-1
(-2 + 1 - (-10 + 10)) + -2
-3
What is the value of -5 + 4 - (-7 + 5) - 4?
-3
Calculate 5 + (0 - (10 + -3)).
-2
13 + -11 + 1 + -7
-4
Evaluate -1 - (2 + (0 - -1)).
-4
What is the value of (4 - 0) + 0 - 4 - 4?
-4
Calculate -1 - -2 - (8 + -6).
-1
-7 + 7 + -2 + 4 + 1
3
Calculate (-5 - -3) + 3 - -3.
4
Calculate (0 - 4) + (-8 - -3) + 9.
0
What is the value of (4 - -5) + (8 - 15)?
2
Calculate -9 + (2 - -2) + 1.
-4
-3 - (12 - 7) - (1 - 6)
-3
Calculate (9 - -4) + -13 - (-3 - -2).
1
What is the value of 11 + 14 + -17 + (-5 - 1)?
2
Calculate 1 - 6 - (-10 - (-12 - -9)).
2
Evaluate 12 + 13 + -21 + (0 - -1).
5
Calculate 8 + (-3 - (-1 + 1)).
5
1 + (1 - 3) - (1 - 5)
3
-1 + 1 + (3 - 3)
0
Evaluate -5 - -1 - (-10 - -9).
-3
-3 + (-3 - (1 - 9))
2
Calculate 5 + (2 - (2 + 2)).
3
What is (0 + 7 - 11) + -1?
-5
What is 3 - ((4 - 3) + 6)?
-4
What is -3 - (0 + (3 - 1) + 1)?
-6
Calculate 2 + 3 + (-2 - 3).
0
Evaluate (1 - 2) + 25 + -28.
-4
What is the value of 15 - 18 - ((1 - 2) + 3)?
-5
What is 2 + -4 + (1 - (11 + -8))?
-4
-2 - 10 - (-29 + 22)
-5
(10 - 13) + -2 + (-3 - -1)
-7
What is the value of 4 - (8 - (1 - -2))?
-1
What is the value of -4 + (1 - -3 - -7)?
7
What is the value of -6 + (-2 - (2 - 0) - -11)?
1
Evaluate 1 + -1 - 1 - -6.
5
What is (2 - (-12 + 21)) + -1?
-8
Evaluate 5 - (7 + -12 + 13).
-3
What is the value of 6 + -8 + 5 - 4?
-1
Calculate -1 + 1 + 7 - 8.
-1
Calculate (-4 - -3) + 12 + -4.
7
What is the value of -4 - -5 - (0 - -4)?
-3
What is -1 - (1 + -1 - (2 - -1))?
2
What is the value of 1 + (-6 - -8) + -1 + 0?
2
1 - (6 + 0) - -5
0
Calculate 7 - ((0 - 4) + (-4 - -14)).
1
-5 + -5 + 4 + 3
-3
What is the value of -7 + 2 - (8 + -19)?
6
What is the value of 9 - (1 + (7 - -3))?
-2
What is the value of -3 + 1 + 3 + (-1 - 7)?
-7
What is -1 + (0 - 1) + (-2 - 0)?
-4
Evaluate 7 + (1 - 7 - -2).
3
What is 2 - (-4 - -3) - 6?
-3
6 - (4 + 10 - 1) - -5
-2
Calculate 5 + (5 - 9) - -1.
2
What is the value of -10 + -2 - (142 - 159)?
5
Evaluate 0 + -4 + (1 - -5).
2
What is the value of (-4 - -7) + 0 + (-1 - 1)?
1
What is the value of -8 + (2 + -6 - -8) - 0?
-4
Evaluate 0 - 1 - (0 + -6).
5
What is the value of 2 + 1 - (11 - (6 + -3))?
-5
What is -2 + 2 + 1 + -1 - 4?
-4
Evaluate 3 + (-13 - 0 - -17).
7
Calculate 0 + 0 - (-2 - -1).
1
What is (-8 - (-4 - 0)) + 5?
1
(9 + -5 - 9) + (1 - -3)
-1
Evaluate (4 - -3) + -3 - (-10 + 9).
5
(-3 + 1 - 6) + 21 + -16
-3
Calculate 4 + (5 - 3) - -2.
8
What is -1 - 0 - 1 - (20 + -18)?
-4
What is 8 - 5 - (-1 - 1)?
5
-6 + (1 - -5) + -3
-3
Evaluate (14 - 6) + -7 - (1 - -4).
-4
Evaluate 4 + -17 + 2 + 2.
-9
(17 - 15) + (0 - 3) + 1
0
What is -4 + (11 - 4) - (1 - 3)?
5
What is 11 + (-14 - -7) - 4?
0
Calculate 14 + -28 + 8 + 7.
1
Evaluate -4 - (-4 + 0 + -1).
1
5 - (-4 + 5 + -4 - -13)
-5
What is (1 - (-6 - -1)) + -3 - 7?
-4
What is the value of 0 + (-6 + 5 - 3) - -5?
1
Evaluate 2 - (-1 + 2) - (5 - 6).
2
Calculate -8 + (18 - 10) + 1.
1
Calculate -7 - -1 - (32 - 43).
5
What is 6 + -25 + 12 + 0?
-7
Evaluate (-1 - (6 + 0)) + 0 + 2.
-5
Evaluate 1 - 9 - (-144 - -138).
-2
What is the value of 0 + -2 + 6 - (27 + -19)?
-4
Calculate 1 + (-3 - 5) + 8.
1
(-7 - -2) + 4 + (-5 - -4)
-2
What is -7 - -14 - 15 - -4?
-4
What is 0 + -7 + 3 - (-5 + 0)?
1
What is the value of 6 - (-2 + 14 - 5)?
-1
What is the value of (1 + -14 - -4) + 8?
-1
Calculate 5 + (-5 + 0 - (1 + 2)).
-3
What is the value of -3 + (-8 + 8 - (-1 - 4))?
2
What is the value of -2 + 1 + (1 - 4)?
-4
(-2 - -4) + 0 + -1
1
What is the value of 0 - (-5 - (-9 + 7))?
3
What is (19 - 24) + (-5 - 0 - -3)?
-7
Calculate 11 + -1 + (16 - 15).
11
Evaluate 0 - (3 - (-1 - -3)).
-1
Calculate -5 + 1 + 5 + -5.
-4
Calculate 5 + -1 + (-3 - (4 - 4)).
1
Evaluate 1 + -1 + (15 - 18).
-3
What is the value of -1 + (1 - 2) - (13 - 14)?
-1
1 + -2 + (-90 - -84)
-7
2 + (2 - -4) - 3
5
-10 + 11 + (2 - -6)
9
Evaluate -5 + (13 - 16) - (-7 - 0).
-1
What is -2 + 3 + 2 + -5?
-2
What is the value of 6 - (-9 + 4 + -3 + 11)?
3
4 - (0 + -5 - -11)
-2
What is the value of (-12 - -10) + 6 + -6?
-2
What is (2 - 4) + 8 + -1?
5
(-6 - 1) + (-1 - -4)
-4
What is the value of 12 - 9 - (2 + 4)?
-3
What is the value of -4 - (-10 + 20) - -12?
-2
2 + 1 + -8 + 4
-1
Evaluate 0 + 7 + -3 - (2 + 3).
-1
6 + -2 + -1 + 0
3
0 + -3 + (2 - -5) - 3
1
What is the value of -5 + (4 - 0) + (22 - 13)?
8
What is -3 + 3 + 6 - 1?
5
Evaluate -1 + (-3 - 0) + 5.
1
-2 - (-2 + 0 - -4) - -5
1
What is 5 + (8 - (-3 + 2 + 8))?
6
What is -6 + 10 - (1 - -3)?
0
Calculate -1 - (-1 - (2 + (1 - 3))).
0
Calculate 7 + -4 + (1 - -3) - 3.
4
1 - (-10 - (0 - 5))
6
1 + (-1 - 2) + 1
-1
Calculate 1 + (1 - -2) + -1 + 1.
4
What is (2 - 2 - -2) + -1?
1
(8 - 4) + -3 + -3 + 0
-2
What is (-3 - -5 - 4) + (-3 - 0)?
-5
Evaluate 6 + (2 + -8 - -9).
9
Evaluate 3 + 2 + 7 - 20.
-8
What is -2 - (5 + (2 - 1) - 3)?
-5
What is the value of (2 - -1) + (-6 - 0) - -4?
1
What is (-3 - -10) + -3 + -4?
0
Evaluate -8 + 1 + (4 - 4) - -2.
-5
What is (-4 + 0 + 6 - -1) + -1?
2
What is 6 + (11 - 5 - 7)?
5
Evaluate -9 - -9 - ((-2 - 1) + 8).
-5
1 - (10 - 4) - 0
-5
What is 3 + -5 - (-1 + 4)?
-5
Evaluate -1 + (6 + -4 - 3).
-2
Calculate -11 + -2 + (11 - 3).
-5
What is the value of 2 - (-1 + (0 - 5) + 9)?
-1
What is the value of (10 - 3 - 3) + -4?
0
What is the value of (22 - 20) + (2 - 0) + 1?
5
Evaluate 3 + -3 + 2 + 7 + -15.
-6
(27 - 26) + (1 - 6) - 0
-4
11 + -8 + -5 + -4
-6
Calculate (-10 - (-1 - 9)) + 0.
0
Calculate (1 - (1 + 1)) + 190 + -190.
-1
(-27 + 34 - (7 + -1)) + -6
-5
0 - (0 + -2) - (7 + 0)
-5
Calculate (-16 + 1 - -12) + (13 - 2).
8
Calculate 5 - (14 - (0 - -4)).
-5
What is the value of 6 - (-1 + 0) - (-5 - -3)?
9
0 + 2 + -4 + (-2 - -2)
-2
Evaluate 4 + (6 + 5 - 5) + -13.
-3
What is the value of (-4 - 1 - -1) + (1 - -1)?
-2
What is the value of 84 + -94 + (-2 - -20)?
8
2 + -1 + (2 - (8 - 3))
-2
What is (10 - 3) + (-4 - 2)?
1
0 + -3 + 0 + 2 - -3
2
-2 - (1 + -7 + 3 + 0)
1
Evaluate -6 + (3 - -6) - 8.
-5
What is the value of 0 + 6 + (-6 - -1) + 4?
5
Evaluate -3 + 2 + -1 - -3.
1
What is -4 + -1 - ((-3 - 0) + -6)?
4
Calculate -1 - (1 - 2) - (7 - 2).
-5
Evaluate -4 + -7 + 3 + 7.